{"id":6229,"date":"2021-01-18T16:20:33","date_gmt":"2021-01-18T15:20:33","guid":{"rendered":"https:\/\/globalneprzebudzenie.pl\/?post_type=product&#038;p=6229"},"modified":"2023-12-27T10:18:24","modified_gmt":"2023-12-27T09:18:24","slug":"globalne-przebudzenie-tom-1-nowy-cykl-planetarnej-ewolucji-swiadomosci-ebook","status":"publish","type":"product","link":"https:\/\/globalneprzebudzenie.pl\/?product=globalne-przebudzenie-tom-1-nowy-cykl-planetarnej-ewolucji-swiadomosci-ebook","title":{"rendered":"Globalne Przebudzenie. Tom 1. Nowy Cykl Planetarnej Ewolucji \u015awiadomo\u015bci (EBOOK)"},"content":{"rendered":"<p><strong>W\u0105tki i informacje zawarte w ksi\u0105\u017cce:<\/strong><\/p>\n<ul>\n<li>\u00a0Wyj\u0105tkowo\u015b\u0107 czas\u00f3w, w kt\u00f3rych \u017cyjemy. Czas wielkich, epokowych zmian. Na czym polega planetarne przej\u015bcie z ko\u0144ca starego, kosmicznego cyklu w nowy?<\/li>\n<li>Wzrost wibracji Ziemi. Podnoszenie i rozwijanie si\u0119 zbiorowej, ludzkiej \u015bwiadomo\u015bci. W jaki spos\u00f3b wzrost wibracji planety wp\u0142ywa na ludzk\u0105 \u015bwiadomo\u015b\u0107?<\/li>\n<li>Rozpad obecnego porz\u0105dku, \u015bwiatowego systemu. Dlaczego rosn\u0105ca \u015bwiadomo\u015b\u0107, wibracja Ziemi, a tak\u017ce wp\u0142yw sp\u0142ywaj\u0105cych energii kosmicznych w po\u0142\u0105czeniu z rosn\u0105c\u0105 zbiorow\u0105 \u015bwiadomo\u015bci\u0105 ludzi, wymusz\u0105 i doprowadz\u0105 do upadku i ko\u0144ca obecnego systemu.<\/li>\n<li>Planetarne matryce trzeciego i pi\u0105tego wymiaru. Na czym polega przej\u015bcie z trzeciego do pi\u0105tego wymiaru? Charakterystyka matrycy trzeciego wymiaru. Opis mechanizm\u00f3w i wzorc\u00f3w funkcjonowania trzeciowymiarowego umys\u0142u. Porady dotycz\u0105ce wznoszenia \u015bwiadomo\u015bci ponad pasmo cz\u0119stotliwo\u015bci trzeciego wymiaru (wzniesienie si\u0119 ponad egotyczny umys\u0142).<\/li>\n<li>Wibracyjno-energetyczny przeskok ewolucyjny ludzkiej, kolektywnej \u015bwiadomo\u015bci.<\/li>\n<li>Opis obecnej fazy transformacji ziemskiej rzeczywisto\u015bci, przez kt\u00f3r\u0105 w\u0142a\u015bnie przechodzimy.<\/li>\n<li>Spojrzenie na COVID-19 w kontek\u015bcie ewolucji ludzkiej \u015bwiadomo\u015bci.<\/li>\n<li>Dlaczego tak wa\u017cne jest wzniesienie si\u0119 ponad zbiorowy l\u0119k?<\/li>\n<li>W jaki spos\u00f3b rasa ludzka b\u0119dzie si\u0119 otwiera\u0107 na rozw\u00f3j \u015bwiadomo\u015bci?<\/li>\n<li>Kres kontroli i zniewolenia na Ziemi. Jak ludzko\u015b\u0107 odzyska wolno\u015b\u0107?<\/li>\n<li>\u015awiadoma kreacja linii czasowej wzniesienia.<\/li>\n<li>\u201cApokalipsa\u201d \u2013 czyli\u00a0 \u201cods\u0142oni\u0119cie zas\u0142ony\u201d (z greckiego\u00a0<em>\u201capokalypsys<\/em>\u201c). Duchowo-biologiczne wzniesienie. Przej\u015bcie ludzko\u015bci na kolejny szczebel kosmicznej drabiny ewolucji. Symboliczne znaczenie \u201cApokalipsy\u201d. Czym jest tak naprawd\u0119 i dlaczego jest zjawiskiem pozytywnym?<\/li>\n<li>Zmiany czekaj\u0105ce nasz \u015bwiat, a tak\u017ce jakich szok\u00f3w informacyjno-kulturowych mo\u017cna si\u0119 spodziewa\u0107?<\/li>\n<li>Rodzaje i charakterystyka sp\u0142ywaj\u0105cych na Ziemi\u0119\u00a0 kosmicznych energii.<\/li>\n<li>Wej\u015bcie w okres, etap, w kt\u00f3rym zaczniemy odkrywa\u0107 g\u0142\u0119bszy sens swojego pobytu na planecie.<\/li>\n<li>Nowa Ziemia jako wielka strefa \u015bwiat\u0142a.<\/li>\n<li>Wsp\u00f3\u0142praca i pod\u0105\u017canie za w\u0142asn\u0105 istot\u0105 \u015bwietlist\u0105.<\/li>\n<li>Wiele innych temat\u00f3w\u00a0<img class=\"emoji\" role=\"img\" draggable=\"false\" src=\"https:\/\/s.w.org\/images\/core\/emoji\/13.0.1\/svg\/1f642.svg\" alt=\"\ud83d\ude42\" \/><\/li>\n<\/ul>\n","protected":false},"excerpt":{"rendered":"<p><span class=\"tojvnm2t a6sixzi8 abs2jz4q a8s20v7p t1p8iaqh k5wvi7nf q3lfd5jv pk4s997a bipmatt0 cebpdrjk qowsmv63 owwhemhu dp1hu0rb dhp61c6y iyyx5f41\">Tematem przewodnim tej ksi\u0105\u017cki jest ewolucja \u015bwiadomo\u015bci, kt\u00f3ra obecnie dokonuje si\u0119 na Ziemi. Autor obszernie wyja\u015bnia, na czym polega pi\u0119kno oraz wyj\u0105tkowo\u015b\u0107 czas\u00f3w, w kt\u00f3rych \u017cyjemy. Pokazuje jak r\u00f3wnolegle do istniej\u0105cych wyzwa\u0144 i problem\u00f3w wsp\u00f3\u0142czesnego \u015bwiata, otwiera si\u0119 przed ludzko\u015bci\u0105 okno wielkich mo\u017cliwo\u015bci. Je\u015bli w g\u0142\u0119bi siebie czujesz, \u017ce aktualna, napi\u0119ta oraz niestabilna sytuacja na \u015bwiecie jest tylko przej\u015bciowym etapem, kt\u00f3ry ma na celu wymusi\u0107 g\u0142\u0119bokie przewarto\u015bciowanie si\u0119 rasy ludzkiej, zawr\u00f3cenie ze \u015bcie\u017cki autodestrukcji oraz przekierowanie si\u0119 na tory prawdziwego rozwoju, to w tej ksi\u0105\u017cce znajdziesz wiele odpowiedzi na pytania, kt\u00f3re Ci\u0119 nurtuj\u0105. Ca\u0142y ziemski \u015bwiat podlega obecnie gigantycznej, bezprecedensowej zmianie. Dzi\u0119ki lekturze tej ksi\u0105\u017cki ujrzysz szerszy obraz tego, co tak naprawd\u0119 si\u0119 dzieje na naszej Planecie.<\/span><\/p>\n<p>Wersja elektroniczna &#8211; pliki PDF, EPUB, MOBI.<\/p>\n","protected":false},"featured_media":6250,"comment_status":"open","ping_status":"closed","template":"","meta":[],"product_cat":[41],"product_tag":[],"yoast_head":"<!-- This site is optimized with the Yoast SEO plugin v17.7.1 - https:\/\/yoast.com\/wordpress\/plugins\/seo\/ -->\n<title>Globalne Przebudzenie. Tom 1. Nowy Cykl Planetarnej Ewolucji \u015awiadomo\u015bci (EBOOK) - GLOBALNE PRZEBUDZENIE<\/title>\n<meta name=\"robots\" content=\"index, follow, max-snippet:-1, max-image-preview:large, max-video-preview:-1\" \/>\n<link rel=\"canonical\" href=\"https:\/\/globalneprzebudzenie.pl\/?product=globalne-przebudzenie-tom-1-nowy-cykl-planetarnej-ewolucji-swiadomosci-ebook\" \/>\n<meta property=\"og:locale\" content=\"pl_PL\" \/>\n<meta property=\"og:type\" content=\"article\" \/>\n<meta property=\"og:title\" content=\"Globalne Przebudzenie. Tom 1. Nowy Cykl Planetarnej Ewolucji \u015awiadomo\u015bci (EBOOK) - GLOBALNE PRZEBUDZENIE\" \/>\n<meta property=\"og:description\" content=\"Tematem przewodnim tej ksi\u0105\u017cki jest ewolucja \u015bwiadomo\u015bci, kt\u00f3ra obecnie dokonuje si\u0119 na Ziemi. Autor obszernie wyja\u015bnia, na czym polega pi\u0119kno oraz wyj\u0105tkowo\u015b\u0107 czas\u00f3w, w kt\u00f3rych \u017cyjemy. Pokazuje jak r\u00f3wnolegle do istniej\u0105cych wyzwa\u0144 i problem\u00f3w wsp\u00f3\u0142czesnego \u015bwiata, otwiera si\u0119 przed ludzko\u015bci\u0105 okno wielkich mo\u017cliwo\u015bci. Je\u015bli w g\u0142\u0119bi siebie czujesz, \u017ce aktualna, napi\u0119ta oraz niestabilna sytuacja na \u015bwiecie jest tylko przej\u015bciowym etapem, kt\u00f3ry ma na celu wymusi\u0107 g\u0142\u0119bokie przewarto\u015bciowanie si\u0119 rasy ludzkiej, zawr\u00f3cenie ze \u015bcie\u017cki autodestrukcji oraz przekierowanie si\u0119 na tory prawdziwego rozwoju, to w tej ksi\u0105\u017cce znajdziesz wiele odpowiedzi na pytania, kt\u00f3re Ci\u0119 nurtuj\u0105. Ca\u0142y ziemski \u015bwiat podlega obecnie gigantycznej, bezprecedensowej zmianie. Dzi\u0119ki lekturze tej ksi\u0105\u017cki ujrzysz szerszy obraz tego, co tak naprawd\u0119 si\u0119 dzieje na naszej Planecie.  Wersja elektroniczna - pliki PDF, EPUB, MOBI.\" \/>\n<meta property=\"og:url\" content=\"https:\/\/globalneprzebudzenie.pl\/?product=globalne-przebudzenie-tom-1-nowy-cykl-planetarnej-ewolucji-swiadomosci-ebook\" \/>\n<meta property=\"og:site_name\" content=\"GLOBALNE PRZEBUDZENIE\" \/>\n<meta property=\"article:publisher\" content=\"https:\/\/www.facebook.com\/Teeeest-103108958500558\" \/>\n<meta property=\"article:modified_time\" content=\"2023-12-27T09:18:24+00:00\" \/>\n<meta property=\"og:image\" content=\"https:\/\/globalneprzebudzenie.pl\/wp-content\/uploads\/2021\/01\/tablet_mockup.jpg\" \/>\n\t<meta property=\"og:image:width\" content=\"600\" \/>\n\t<meta property=\"og:image:height\" content=\"400\" \/>\n<meta name=\"twitter:card\" content=\"summary_large_image\" \/>\n<meta name=\"twitter:label1\" content=\"Szacowany czas czytania\" \/>\n\t<meta name=\"twitter:data1\" content=\"2 minuty\" \/>\n<script type=\"application\/ld+json\" class=\"yoast-schema-graph\">{\"@context\":\"https:\/\/schema.org\",\"@graph\":[{\"@type\":\"WebSite\",\"@id\":\"https:\/\/globalneprzebudzenie.pl\/#website\",\"url\":\"https:\/\/globalneprzebudzenie.pl\/\",\"name\":\"GLOBALNE PRZEBUDZENIE\",\"description\":\"W Sercu Nowej Ziemi\",\"potentialAction\":[{\"@type\":\"SearchAction\",\"target\":{\"@type\":\"EntryPoint\",\"urlTemplate\":\"https:\/\/globalneprzebudzenie.pl\/?s={search_term_string}\"},\"query-input\":\"required name=search_term_string\"}],\"inLanguage\":\"pl-PL\"},{\"@type\":\"ImageObject\",\"@id\":\"https:\/\/globalneprzebudzenie.pl\/?product=globalne-przebudzenie-tom-1-nowy-cykl-planetarnej-ewolucji-swiadomosci-ebook#primaryimage\",\"inLanguage\":\"pl-PL\",\"url\":\"https:\/\/globalneprzebudzenie.pl\/wp-content\/uploads\/2021\/01\/tablet_mockup.jpg\",\"contentUrl\":\"https:\/\/globalneprzebudzenie.pl\/wp-content\/uploads\/2021\/01\/tablet_mockup.jpg\",\"width\":600,\"height\":400},{\"@type\":\"WebPage\",\"@id\":\"https:\/\/globalneprzebudzenie.pl\/?product=globalne-przebudzenie-tom-1-nowy-cykl-planetarnej-ewolucji-swiadomosci-ebook#webpage\",\"url\":\"https:\/\/globalneprzebudzenie.pl\/?product=globalne-przebudzenie-tom-1-nowy-cykl-planetarnej-ewolucji-swiadomosci-ebook\",\"name\":\"Globalne Przebudzenie. Tom 1. Nowy Cykl Planetarnej Ewolucji \\u015awiadomo\\u015bci (EBOOK) - GLOBALNE PRZEBUDZENIE\",\"isPartOf\":{\"@id\":\"https:\/\/globalneprzebudzenie.pl\/#website\"},\"primaryImageOfPage\":{\"@id\":\"https:\/\/globalneprzebudzenie.pl\/?product=globalne-przebudzenie-tom-1-nowy-cykl-planetarnej-ewolucji-swiadomosci-ebook#primaryimage\"},\"datePublished\":\"2021-01-18T15:20:33+00:00\",\"dateModified\":\"2023-12-27T09:18:24+00:00\",\"breadcrumb\":{\"@id\":\"https:\/\/globalneprzebudzenie.pl\/?product=globalne-przebudzenie-tom-1-nowy-cykl-planetarnej-ewolucji-swiadomosci-ebook#breadcrumb\"},\"inLanguage\":\"pl-PL\",\"potentialAction\":[{\"@type\":\"ReadAction\",\"target\":[\"https:\/\/globalneprzebudzenie.pl\/?product=globalne-przebudzenie-tom-1-nowy-cykl-planetarnej-ewolucji-swiadomosci-ebook\"]}]},{\"@type\":\"BreadcrumbList\",\"@id\":\"https:\/\/globalneprzebudzenie.pl\/?product=globalne-przebudzenie-tom-1-nowy-cykl-planetarnej-ewolucji-swiadomosci-ebook#breadcrumb\",\"itemListElement\":[{\"@type\":\"ListItem\",\"position\":1,\"name\":\"Strona g\\u0142\\u00f3wna\",\"item\":\"https:\/\/globalneprzebudzenie.pl\/\"},{\"@type\":\"ListItem\",\"position\":2,\"name\":\"Sklep\",\"item\":\"https:\/\/globalneprzebudzenie.pl\/?page_id=6201\"},{\"@type\":\"ListItem\",\"position\":3,\"name\":\"Globalne Przebudzenie. Tom 1. Nowy Cykl Planetarnej Ewolucji \\u015awiadomo\\u015bci (EBOOK)\"}]}]}<\/script>\n<!-- \/ Yoast SEO plugin. -->","yoast_head_json":{"title":"Globalne Przebudzenie. Tom 1. Nowy Cykl Planetarnej Ewolucji \u015awiadomo\u015bci (EBOOK) - GLOBALNE PRZEBUDZENIE","robots":{"index":"index","follow":"follow","max-snippet":"max-snippet:-1","max-image-preview":"max-image-preview:large","max-video-preview":"max-video-preview:-1"},"canonical":"https:\/\/globalneprzebudzenie.pl\/?product=globalne-przebudzenie-tom-1-nowy-cykl-planetarnej-ewolucji-swiadomosci-ebook","og_locale":"pl_PL","og_type":"article","og_title":"Globalne Przebudzenie. Tom 1. Nowy Cykl Planetarnej Ewolucji \u015awiadomo\u015bci (EBOOK) - GLOBALNE PRZEBUDZENIE","og_description":"Tematem przewodnim tej ksi\u0105\u017cki jest ewolucja \u015bwiadomo\u015bci, kt\u00f3ra obecnie dokonuje si\u0119 na Ziemi. Autor obszernie wyja\u015bnia, na czym polega pi\u0119kno oraz wyj\u0105tkowo\u015b\u0107 czas\u00f3w, w kt\u00f3rych \u017cyjemy. Pokazuje jak r\u00f3wnolegle do istniej\u0105cych wyzwa\u0144 i problem\u00f3w wsp\u00f3\u0142czesnego \u015bwiata, otwiera si\u0119 przed ludzko\u015bci\u0105 okno wielkich mo\u017cliwo\u015bci. Je\u015bli w g\u0142\u0119bi siebie czujesz, \u017ce aktualna, napi\u0119ta oraz niestabilna sytuacja na \u015bwiecie jest tylko przej\u015bciowym etapem, kt\u00f3ry ma na celu wymusi\u0107 g\u0142\u0119bokie przewarto\u015bciowanie si\u0119 rasy ludzkiej, zawr\u00f3cenie ze \u015bcie\u017cki autodestrukcji oraz przekierowanie si\u0119 na tory prawdziwego rozwoju, to w tej ksi\u0105\u017cce znajdziesz wiele odpowiedzi na pytania, kt\u00f3re Ci\u0119 nurtuj\u0105. Ca\u0142y ziemski \u015bwiat podlega obecnie gigantycznej, bezprecedensowej zmianie. Dzi\u0119ki lekturze tej ksi\u0105\u017cki ujrzysz szerszy obraz tego, co tak naprawd\u0119 si\u0119 dzieje na naszej Planecie.  Wersja elektroniczna - pliki PDF, EPUB, MOBI.","og_url":"https:\/\/globalneprzebudzenie.pl\/?product=globalne-przebudzenie-tom-1-nowy-cykl-planetarnej-ewolucji-swiadomosci-ebook","og_site_name":"GLOBALNE PRZEBUDZENIE","article_publisher":"https:\/\/www.facebook.com\/Teeeest-103108958500558","article_modified_time":"2023-12-27T09:18:24+00:00","og_image":[{"width":600,"height":400,"url":"https:\/\/globalneprzebudzenie.pl\/wp-content\/uploads\/2021\/01\/tablet_mockup.jpg","type":"image\/jpeg"}],"twitter_card":"summary_large_image","twitter_misc":{"Szacowany czas czytania":"2 minuty"},"schema":{"@context":"https:\/\/schema.org","@graph":[{"@type":"WebSite","@id":"https:\/\/globalneprzebudzenie.pl\/#website","url":"https:\/\/globalneprzebudzenie.pl\/","name":"GLOBALNE PRZEBUDZENIE","description":"W Sercu Nowej Ziemi","potentialAction":[{"@type":"SearchAction","target":{"@type":"EntryPoint","urlTemplate":"https:\/\/globalneprzebudzenie.pl\/?s={search_term_string}"},"query-input":"required name=search_term_string"}],"inLanguage":"pl-PL"},{"@type":"ImageObject","@id":"https:\/\/globalneprzebudzenie.pl\/?product=globalne-przebudzenie-tom-1-nowy-cykl-planetarnej-ewolucji-swiadomosci-ebook#primaryimage","inLanguage":"pl-PL","url":"https:\/\/globalneprzebudzenie.pl\/wp-content\/uploads\/2021\/01\/tablet_mockup.jpg","contentUrl":"https:\/\/globalneprzebudzenie.pl\/wp-content\/uploads\/2021\/01\/tablet_mockup.jpg","width":600,"height":400},{"@type":"WebPage","@id":"https:\/\/globalneprzebudzenie.pl\/?product=globalne-przebudzenie-tom-1-nowy-cykl-planetarnej-ewolucji-swiadomosci-ebook#webpage","url":"https:\/\/globalneprzebudzenie.pl\/?product=globalne-przebudzenie-tom-1-nowy-cykl-planetarnej-ewolucji-swiadomosci-ebook","name":"Globalne Przebudzenie. Tom 1. Nowy Cykl Planetarnej Ewolucji \u015awiadomo\u015bci (EBOOK) - GLOBALNE PRZEBUDZENIE","isPartOf":{"@id":"https:\/\/globalneprzebudzenie.pl\/#website"},"primaryImageOfPage":{"@id":"https:\/\/globalneprzebudzenie.pl\/?product=globalne-przebudzenie-tom-1-nowy-cykl-planetarnej-ewolucji-swiadomosci-ebook#primaryimage"},"datePublished":"2021-01-18T15:20:33+00:00","dateModified":"2023-12-27T09:18:24+00:00","breadcrumb":{"@id":"https:\/\/globalneprzebudzenie.pl\/?product=globalne-przebudzenie-tom-1-nowy-cykl-planetarnej-ewolucji-swiadomosci-ebook#breadcrumb"},"inLanguage":"pl-PL","potentialAction":[{"@type":"ReadAction","target":["https:\/\/globalneprzebudzenie.pl\/?product=globalne-przebudzenie-tom-1-nowy-cykl-planetarnej-ewolucji-swiadomosci-ebook"]}]},{"@type":"BreadcrumbList","@id":"https:\/\/globalneprzebudzenie.pl\/?product=globalne-przebudzenie-tom-1-nowy-cykl-planetarnej-ewolucji-swiadomosci-ebook#breadcrumb","itemListElement":[{"@type":"ListItem","position":1,"name":"Strona g\u0142\u00f3wna","item":"https:\/\/globalneprzebudzenie.pl\/"},{"@type":"ListItem","position":2,"name":"Sklep","item":"https:\/\/globalneprzebudzenie.pl\/?page_id=6201"},{"@type":"ListItem","position":3,"name":"Globalne Przebudzenie. Tom 1. Nowy Cykl Planetarnej Ewolucji \u015awiadomo\u015bci (EBOOK)"}]}]}},"_links":{"self":[{"href":"https:\/\/globalneprzebudzenie.pl\/index.php?rest_route=\/wp\/v2\/product\/6229"}],"collection":[{"href":"https:\/\/globalneprzebudzenie.pl\/index.php?rest_route=\/wp\/v2\/product"}],"about":[{"href":"https:\/\/globalneprzebudzenie.pl\/index.php?rest_route=\/wp\/v2\/types\/product"}],"replies":[{"embeddable":true,"href":"https:\/\/globalneprzebudzenie.pl\/index.php?rest_route=%2Fwp%2Fv2%2Fcomments&post=6229"}],"wp:featuredmedia":[{"embeddable":true,"href":"https:\/\/globalneprzebudzenie.pl\/index.php?rest_route=\/wp\/v2\/media\/6250"}],"wp:attachment":[{"href":"https:\/\/globalneprzebudzenie.pl\/index.php?rest_route=%2Fwp%2Fv2%2Fmedia&parent=6229"}],"wp:term":[{"taxonomy":"product_cat","embeddable":true,"href":"https:\/\/globalneprzebudzenie.pl\/index.php?rest_route=%2Fwp%2Fv2%2Fproduct_cat&post=6229"},{"taxonomy":"product_tag","embeddable":true,"href":"https:\/\/globalneprzebudzenie.pl\/index.php?rest_route=%2Fwp%2Fv2%2Fproduct_tag&post=6229"}],"curies":[{"name":"wp","href":"https:\/\/api.w.org\/{rel}","templated":true}]}}