{"id":6223,"date":"2021-01-14T14:16:00","date_gmt":"2021-01-14T13:16:00","guid":{"rendered":"https:\/\/globalneprzebudzenie.pl\/?post_type=product&#038;p=6223"},"modified":"2025-10-14T12:48:27","modified_gmt":"2025-10-14T10:48:27","slug":"globalne-przebudzenie-tom-2","status":"publish","type":"product","link":"https:\/\/globalneprzebudzenie.pl\/?product=globalne-przebudzenie-tom-2","title":{"rendered":"Globalne Przebudzenie. Tom 2. W Sercu Nowej Ziemi"},"content":{"rendered":"<p>Niekt\u00f3re w\u0105tki zawarte w ksi\u0105\u017cce:<\/p>\n<p>&#8211; \u0141\u0105czenie si\u0119 ze strumieniem swojej boskiej \u015bwiadomo\u015bci. Komunikacja z Wy\u017cszym Ja.<br \/>\n&#8211; Dlaczego uczucia otwieraj\u0105 nas na komunikacj\u0119 ze Wszech\u015bwiatem?<br \/>\n&#8211; Znaczenie w\u0142asnych przekona\u0144 w kontek\u015bcie nowego ewolucyjnego otwarcia.<br \/>\n&#8211; Przep\u0142yw obfito\u015bci pomi\u0119dzy cz\u0142owiekiem a \u015bwiadomo\u015bci\u0105 \u017ar\u00f3d\u0142a. \u0179r\u00f3d\u0142o obfito\u015bci istnieje w nas. Otwieranie si\u0119 na obfito\u015b\u0107.<br \/>\n&#8211; Budowa pola informacyjnego Nowej Ziemi. Jak wp\u0142yn\u0105\u0107 na tempo aktywacji matrycy pi\u0105tego wymiaru Ziemi.<br \/>\n&#8211; Stwarzanie w\u0142asnego wielowymiarowego pola.<br \/>\n&#8211; Zakotwiczanie \u015bwiadomo\u015bci w pi\u0105tym wymiarze.<br \/>\n&#8211; Ustanawianie i wzmacnianie po\u0142\u0105czenia z w\u0142asnym \u017ar\u00f3d\u0142em.<br \/>\n&#8211; Wielowymiarowa \u015bwiadomo\u015b\u0107. Wszystko istnieje Teraz. Wyj\u015bcie poza linearne postrzeganie czasu.<br \/>\n&#8211; W jaki spos\u00f3b mi\u0142o\u015b\u0107 do w\u0142asnej istoty przyczynia si\u0119 do uzdrawiania ca\u0142ego \u015bwiata?<br \/>\n&#8211; Dlaczego akceptacja w\u0142asnego, ludzkiego ja otwiera nas na wzniesienie \u015bwiadomo\u015bci?<br \/>\n&#8211; Oddech narz\u0119dziem manifestowania obfito\u015bci.<br \/>\n&#8211; Nasz cie\u0144 jako brama do naszego najwy\u017cszego potencja\u0142u.<br \/>\n&#8211; Si\u0119ganie po w\u0142asne u\u015bpione potencja\u0142y i talenty.<br \/>\n&#8211; O\u015brodek serca narz\u0119dziem energetycznego oczyszczania.<br \/>\n&#8211; Pok\u00f3j i r\u00f3wnowaga s\u0105 w nas.<br \/>\n&#8211; Rola wdzi\u0119czno\u015bci i rado\u015bci w procesie transformacji \u015bwiadomo\u015bci.<br \/>\n&#8211; \u015awiat my\u015blo-emocji. Wewn\u0119trzna suwerenno\u015b\u0107 kluczem do ewolucji \u015bwiadomo\u015bci.<br \/>\n&#8211; Zakotwiczanie \u015bwiadomo\u015bci w ciele.<br \/>\n&#8211; Wprowadzanie si\u0119 w wysokowibracyjne stany &#8211; uczucia.<br \/>\n&#8211; Aktywacja i rola przestrzeni serca.<br \/>\n&#8211; \u017bycie jako doskona\u0142e zwierciad\u0142o nas samych.<\/p>\n","protected":false},"excerpt":{"rendered":"<p>Ksi\u0105\u017cka ta jest po\u015bwi\u0119cona w ca\u0142o\u015bci wewn\u0119trznemu \u015bwiatu cz\u0142owieka. Opisuje zasoby oraz mo\u017cliwo\u015bci, jakie kryje pi\u0119kna, niefizyczna rzeczywisto\u015b\u0107 \u015bwiadomo\u015bci, znajduj\u0105ca si\u0119 w ka\u017cdym z nas. W du\u017cej mierze w\u0142a\u015bnie to odr\u00f3\u017cnia j\u0105 od tomu pierwszego, kt\u00f3ry przybli\u017ca kosmiczno-planetarny wymiar procesu ewolucji \u015bwiadomo\u015bci, dokonuj\u0105cy si\u0119 obecnie na Ziemi. Tom drugi zawiera w sobie bardzo du\u017c\u0105 ilo\u015b\u0107 wskaz\u00f3wek, wgl\u0105d\u00f3w oraz technik, kt\u00f3re maj\u0105 na celu wsparcie czytelnika w jego osobistym procesie przebudzania oraz poszerzania swojej \u015bwiadomo\u015bci. Du\u017cy nacisk zosta\u0142 po\u0142o\u017cony na to, aby pom\u00f3c p\u0142ynnie i spokojnie przej\u015b\u0107 przez dokonuj\u0105ce si\u0119 obecnie w ludzkim wn\u0119trzu &#8211; g\u0142\u00f3wnie w przestrzeni mentalno-emocjonalnej &#8211; energetyczne procesy, zwi\u0105zane z uwalnianiem i oczyszczanie si\u0119 starych, ograniczaj\u0105cych wzorc\u00f3w oraz struktur energii. Podobnie jak \u015bwiat przechodzi obecnie przez niestabilny, burzliwy i chaotyczny okres, tak samo w naszym wn\u0119trzu r\u00f3wnie\u017c dokonuje si\u0119 wielka transformacja, kt\u00f3ra mo\u017ce generowa\u0107 sporo napi\u0119cia, oporu czy te\u017c l\u0119ku. Wszystko to ma na celu przygotowa\u0107 nas na odkrycie i przejawienie wi\u0119kszego potencja\u0142u naszej \u015bwiadomo\u015bci.<br \/>\nKsi\u0105\u017cka sk\u0142ada si\u0119 z wyselekcjonowanych post\u00f3w, kt\u00f3re od roku 2014 umieszczam na swoim blogu. Zosta\u0142y one tak dobrane tematycznie oraz energetycznie, aby w trakcie lektury dokonywa\u0142 si\u0119 u czytelnika proces otwierania si\u0119 na \u015bwiat\u0142o i potencja\u0142 jego \u015bwiadomo\u015bci. &#8222;W Sercu Nowej Ziemi&#8221; przypomina nam, \u017ce to w nas istnieje \u017ar\u00f3d\u0142o wszystkiego, czego tak naprawd\u0119 szukamy i potrzebujemy w swoim \u017cyciu. Pomaga te\u017c zrozumie\u0107, \u017ce nasze \u017cycie oraz przysz\u0142o\u015b\u0107 rasy ludzkiej zale\u017c\u0105 wy\u0142\u0105cznie od nas samych. Prawdziwa moc sprawcza znajduje si\u0119 w sercu ka\u017cdego cz\u0142owieka, a ono jest bram\u0105 do nowego \u015bwiata &#8211; Nowej Ziemi. Zapraszam Ci\u0119 na wsp\u00f3ln\u0105 podr\u00f3\u017c poza czasoprzestrzenne ograniczenia trzeciego wymiaru. Otw\u00f3rz si\u0119 na szersz\u0105 wizj\u0119 \u017cycia oraz tego, kim jeste\u015b.<br \/>\nKsi\u0105\u017cka ma 275 stron i sk\u0142ada si\u0119 z ponad 40 rozdzia\u0142\u00f3w.<\/p>\n","protected":false},"featured_media":6224,"comment_status":"open","ping_status":"closed","template":"","meta":[],"product_cat":[43],"product_tag":[],"yoast_head":"<!-- This site is optimized with the Yoast SEO plugin v17.7.1 - https:\/\/yoast.com\/wordpress\/plugins\/seo\/ -->\n<title>Globalne Przebudzenie. Tom 2. W Sercu Nowej Ziemi - GLOBALNE PRZEBUDZENIE<\/title>\n<meta name=\"robots\" content=\"index, follow, max-snippet:-1, max-image-preview:large, max-video-preview:-1\" \/>\n<link rel=\"canonical\" href=\"https:\/\/globalneprzebudzenie.pl\/?product=globalne-przebudzenie-tom-2\" \/>\n<meta property=\"og:locale\" content=\"pl_PL\" \/>\n<meta property=\"og:type\" content=\"article\" \/>\n<meta property=\"og:title\" content=\"Globalne Przebudzenie. Tom 2. W Sercu Nowej Ziemi - GLOBALNE PRZEBUDZENIE\" \/>\n<meta property=\"og:description\" content=\"Ksi\u0105\u017cka ta jest po\u015bwi\u0119cona w ca\u0142o\u015bci wewn\u0119trznemu \u015bwiatu cz\u0142owieka. Opisuje zasoby oraz mo\u017cliwo\u015bci, jakie kryje pi\u0119kna, niefizyczna rzeczywisto\u015b\u0107 \u015bwiadomo\u015bci, znajduj\u0105ca si\u0119 w ka\u017cdym z nas. W du\u017cej mierze w\u0142a\u015bnie to odr\u00f3\u017cnia j\u0105 od tomu pierwszego, kt\u00f3ry przybli\u017ca kosmiczno-planetarny wymiar procesu ewolucji \u015bwiadomo\u015bci, dokonuj\u0105cy si\u0119 obecnie na Ziemi. Tom drugi zawiera w sobie bardzo du\u017c\u0105 ilo\u015b\u0107 wskaz\u00f3wek, wgl\u0105d\u00f3w oraz technik, kt\u00f3re maj\u0105 na celu wsparcie czytelnika w jego osobistym procesie przebudzania oraz poszerzania swojej \u015bwiadomo\u015bci. Du\u017cy nacisk zosta\u0142 po\u0142o\u017cony na to, aby pom\u00f3c p\u0142ynnie i spokojnie przej\u015b\u0107 przez dokonuj\u0105ce si\u0119 obecnie w ludzkim wn\u0119trzu - g\u0142\u00f3wnie w przestrzeni mentalno-emocjonalnej - energetyczne procesy, zwi\u0105zane z uwalnianiem i oczyszczanie si\u0119 starych, ograniczaj\u0105cych wzorc\u00f3w oraz struktur energii. Podobnie jak \u015bwiat przechodzi obecnie przez niestabilny, burzliwy i chaotyczny okres, tak samo w naszym wn\u0119trzu r\u00f3wnie\u017c dokonuje si\u0119 wielka transformacja, kt\u00f3ra mo\u017ce generowa\u0107 sporo napi\u0119cia, oporu czy te\u017c l\u0119ku. Wszystko to ma na celu przygotowa\u0107 nas na odkrycie i przejawienie wi\u0119kszego potencja\u0142u naszej \u015bwiadomo\u015bci. Ksi\u0105\u017cka sk\u0142ada si\u0119 z wyselekcjonowanych post\u00f3w, kt\u00f3re od roku 2014 umieszczam na swoim blogu. Zosta\u0142y one tak dobrane tematycznie oraz energetycznie, aby w trakcie lektury dokonywa\u0142 si\u0119 u czytelnika proces otwierania si\u0119 na \u015bwiat\u0142o i potencja\u0142 jego \u015bwiadomo\u015bci. &quot;W Sercu Nowej Ziemi&quot; przypomina nam, \u017ce to w nas istnieje \u017ar\u00f3d\u0142o wszystkiego, czego tak naprawd\u0119 szukamy i potrzebujemy w swoim \u017cyciu. Pomaga te\u017c zrozumie\u0107, \u017ce nasze \u017cycie oraz przysz\u0142o\u015b\u0107 rasy ludzkiej zale\u017c\u0105 wy\u0142\u0105cznie od nas samych. Prawdziwa moc sprawcza znajduje si\u0119 w sercu ka\u017cdego cz\u0142owieka, a ono jest bram\u0105 do nowego \u015bwiata - Nowej Ziemi. Zapraszam Ci\u0119 na wsp\u00f3ln\u0105 podr\u00f3\u017c poza czasoprzestrzenne ograniczenia trzeciego wymiaru. Otw\u00f3rz si\u0119 na szersz\u0105 wizj\u0119 \u017cycia oraz tego, kim jeste\u015b. Ksi\u0105\u017cka ma 275 stron i sk\u0142ada si\u0119 z ponad 40 rozdzia\u0142\u00f3w.\" \/>\n<meta property=\"og:url\" content=\"https:\/\/globalneprzebudzenie.pl\/?product=globalne-przebudzenie-tom-2\" \/>\n<meta property=\"og:site_name\" content=\"GLOBALNE PRZEBUDZENIE\" \/>\n<meta property=\"article:publisher\" content=\"https:\/\/www.facebook.com\/Teeeest-103108958500558\" \/>\n<meta property=\"article:modified_time\" content=\"2025-10-14T10:48:27+00:00\" \/>\n<meta property=\"og:image\" content=\"https:\/\/globalneprzebudzenie.pl\/wp-content\/uploads\/2021\/01\/Tom2.jpg\" \/>\n\t<meta property=\"og:image:width\" content=\"400\" \/>\n\t<meta property=\"og:image:height\" content=\"554\" \/>\n<meta name=\"twitter:card\" content=\"summary_large_image\" \/>\n<meta name=\"twitter:label1\" content=\"Szacowany czas czytania\" \/>\n\t<meta name=\"twitter:data1\" content=\"1 minuta\" \/>\n<script type=\"application\/ld+json\" class=\"yoast-schema-graph\">{\"@context\":\"https:\/\/schema.org\",\"@graph\":[{\"@type\":\"WebSite\",\"@id\":\"https:\/\/globalneprzebudzenie.pl\/#website\",\"url\":\"https:\/\/globalneprzebudzenie.pl\/\",\"name\":\"GLOBALNE PRZEBUDZENIE\",\"description\":\"W Sercu Nowej Ziemi\",\"potentialAction\":[{\"@type\":\"SearchAction\",\"target\":{\"@type\":\"EntryPoint\",\"urlTemplate\":\"https:\/\/globalneprzebudzenie.pl\/?s={search_term_string}\"},\"query-input\":\"required name=search_term_string\"}],\"inLanguage\":\"pl-PL\"},{\"@type\":\"ImageObject\",\"@id\":\"https:\/\/globalneprzebudzenie.pl\/?product=globalne-przebudzenie-tom-2#primaryimage\",\"inLanguage\":\"pl-PL\",\"url\":\"https:\/\/globalneprzebudzenie.pl\/wp-content\/uploads\/2021\/01\/Tom2.jpg\",\"contentUrl\":\"https:\/\/globalneprzebudzenie.pl\/wp-content\/uploads\/2021\/01\/Tom2.jpg\",\"width\":400,\"height\":554},{\"@type\":\"WebPage\",\"@id\":\"https:\/\/globalneprzebudzenie.pl\/?product=globalne-przebudzenie-tom-2#webpage\",\"url\":\"https:\/\/globalneprzebudzenie.pl\/?product=globalne-przebudzenie-tom-2\",\"name\":\"Globalne Przebudzenie. Tom 2. W Sercu Nowej Ziemi - GLOBALNE PRZEBUDZENIE\",\"isPartOf\":{\"@id\":\"https:\/\/globalneprzebudzenie.pl\/#website\"},\"primaryImageOfPage\":{\"@id\":\"https:\/\/globalneprzebudzenie.pl\/?product=globalne-przebudzenie-tom-2#primaryimage\"},\"datePublished\":\"2021-01-14T13:16:00+00:00\",\"dateModified\":\"2025-10-14T10:48:27+00:00\",\"breadcrumb\":{\"@id\":\"https:\/\/globalneprzebudzenie.pl\/?product=globalne-przebudzenie-tom-2#breadcrumb\"},\"inLanguage\":\"pl-PL\",\"potentialAction\":[{\"@type\":\"ReadAction\",\"target\":[\"https:\/\/globalneprzebudzenie.pl\/?product=globalne-przebudzenie-tom-2\"]}]},{\"@type\":\"BreadcrumbList\",\"@id\":\"https:\/\/globalneprzebudzenie.pl\/?product=globalne-przebudzenie-tom-2#breadcrumb\",\"itemListElement\":[{\"@type\":\"ListItem\",\"position\":1,\"name\":\"Strona g\\u0142\\u00f3wna\",\"item\":\"https:\/\/globalneprzebudzenie.pl\/\"},{\"@type\":\"ListItem\",\"position\":2,\"name\":\"Sklep\",\"item\":\"https:\/\/globalneprzebudzenie.pl\/?page_id=6201\"},{\"@type\":\"ListItem\",\"position\":3,\"name\":\"Globalne Przebudzenie. Tom 2. W Sercu Nowej Ziemi\"}]}]}<\/script>\n<!-- \/ Yoast SEO plugin. -->","yoast_head_json":{"title":"Globalne Przebudzenie. Tom 2. W Sercu Nowej Ziemi - GLOBALNE PRZEBUDZENIE","robots":{"index":"index","follow":"follow","max-snippet":"max-snippet:-1","max-image-preview":"max-image-preview:large","max-video-preview":"max-video-preview:-1"},"canonical":"https:\/\/globalneprzebudzenie.pl\/?product=globalne-przebudzenie-tom-2","og_locale":"pl_PL","og_type":"article","og_title":"Globalne Przebudzenie. Tom 2. W Sercu Nowej Ziemi - GLOBALNE PRZEBUDZENIE","og_description":"Ksi\u0105\u017cka ta jest po\u015bwi\u0119cona w ca\u0142o\u015bci wewn\u0119trznemu \u015bwiatu cz\u0142owieka. Opisuje zasoby oraz mo\u017cliwo\u015bci, jakie kryje pi\u0119kna, niefizyczna rzeczywisto\u015b\u0107 \u015bwiadomo\u015bci, znajduj\u0105ca si\u0119 w ka\u017cdym z nas. W du\u017cej mierze w\u0142a\u015bnie to odr\u00f3\u017cnia j\u0105 od tomu pierwszego, kt\u00f3ry przybli\u017ca kosmiczno-planetarny wymiar procesu ewolucji \u015bwiadomo\u015bci, dokonuj\u0105cy si\u0119 obecnie na Ziemi. Tom drugi zawiera w sobie bardzo du\u017c\u0105 ilo\u015b\u0107 wskaz\u00f3wek, wgl\u0105d\u00f3w oraz technik, kt\u00f3re maj\u0105 na celu wsparcie czytelnika w jego osobistym procesie przebudzania oraz poszerzania swojej \u015bwiadomo\u015bci. Du\u017cy nacisk zosta\u0142 po\u0142o\u017cony na to, aby pom\u00f3c p\u0142ynnie i spokojnie przej\u015b\u0107 przez dokonuj\u0105ce si\u0119 obecnie w ludzkim wn\u0119trzu - g\u0142\u00f3wnie w przestrzeni mentalno-emocjonalnej - energetyczne procesy, zwi\u0105zane z uwalnianiem i oczyszczanie si\u0119 starych, ograniczaj\u0105cych wzorc\u00f3w oraz struktur energii. Podobnie jak \u015bwiat przechodzi obecnie przez niestabilny, burzliwy i chaotyczny okres, tak samo w naszym wn\u0119trzu r\u00f3wnie\u017c dokonuje si\u0119 wielka transformacja, kt\u00f3ra mo\u017ce generowa\u0107 sporo napi\u0119cia, oporu czy te\u017c l\u0119ku. Wszystko to ma na celu przygotowa\u0107 nas na odkrycie i przejawienie wi\u0119kszego potencja\u0142u naszej \u015bwiadomo\u015bci. Ksi\u0105\u017cka sk\u0142ada si\u0119 z wyselekcjonowanych post\u00f3w, kt\u00f3re od roku 2014 umieszczam na swoim blogu. Zosta\u0142y one tak dobrane tematycznie oraz energetycznie, aby w trakcie lektury dokonywa\u0142 si\u0119 u czytelnika proces otwierania si\u0119 na \u015bwiat\u0142o i potencja\u0142 jego \u015bwiadomo\u015bci. \"W Sercu Nowej Ziemi\" przypomina nam, \u017ce to w nas istnieje \u017ar\u00f3d\u0142o wszystkiego, czego tak naprawd\u0119 szukamy i potrzebujemy w swoim \u017cyciu. Pomaga te\u017c zrozumie\u0107, \u017ce nasze \u017cycie oraz przysz\u0142o\u015b\u0107 rasy ludzkiej zale\u017c\u0105 wy\u0142\u0105cznie od nas samych. Prawdziwa moc sprawcza znajduje si\u0119 w sercu ka\u017cdego cz\u0142owieka, a ono jest bram\u0105 do nowego \u015bwiata - Nowej Ziemi. Zapraszam Ci\u0119 na wsp\u00f3ln\u0105 podr\u00f3\u017c poza czasoprzestrzenne ograniczenia trzeciego wymiaru. Otw\u00f3rz si\u0119 na szersz\u0105 wizj\u0119 \u017cycia oraz tego, kim jeste\u015b. Ksi\u0105\u017cka ma 275 stron i sk\u0142ada si\u0119 z ponad 40 rozdzia\u0142\u00f3w.","og_url":"https:\/\/globalneprzebudzenie.pl\/?product=globalne-przebudzenie-tom-2","og_site_name":"GLOBALNE PRZEBUDZENIE","article_publisher":"https:\/\/www.facebook.com\/Teeeest-103108958500558","article_modified_time":"2025-10-14T10:48:27+00:00","og_image":[{"width":400,"height":554,"url":"https:\/\/globalneprzebudzenie.pl\/wp-content\/uploads\/2021\/01\/Tom2.jpg","type":"image\/jpeg"}],"twitter_card":"summary_large_image","twitter_misc":{"Szacowany czas czytania":"1 minuta"},"schema":{"@context":"https:\/\/schema.org","@graph":[{"@type":"WebSite","@id":"https:\/\/globalneprzebudzenie.pl\/#website","url":"https:\/\/globalneprzebudzenie.pl\/","name":"GLOBALNE PRZEBUDZENIE","description":"W Sercu Nowej Ziemi","potentialAction":[{"@type":"SearchAction","target":{"@type":"EntryPoint","urlTemplate":"https:\/\/globalneprzebudzenie.pl\/?s={search_term_string}"},"query-input":"required name=search_term_string"}],"inLanguage":"pl-PL"},{"@type":"ImageObject","@id":"https:\/\/globalneprzebudzenie.pl\/?product=globalne-przebudzenie-tom-2#primaryimage","inLanguage":"pl-PL","url":"https:\/\/globalneprzebudzenie.pl\/wp-content\/uploads\/2021\/01\/Tom2.jpg","contentUrl":"https:\/\/globalneprzebudzenie.pl\/wp-content\/uploads\/2021\/01\/Tom2.jpg","width":400,"height":554},{"@type":"WebPage","@id":"https:\/\/globalneprzebudzenie.pl\/?product=globalne-przebudzenie-tom-2#webpage","url":"https:\/\/globalneprzebudzenie.pl\/?product=globalne-przebudzenie-tom-2","name":"Globalne Przebudzenie. Tom 2. W Sercu Nowej Ziemi - GLOBALNE PRZEBUDZENIE","isPartOf":{"@id":"https:\/\/globalneprzebudzenie.pl\/#website"},"primaryImageOfPage":{"@id":"https:\/\/globalneprzebudzenie.pl\/?product=globalne-przebudzenie-tom-2#primaryimage"},"datePublished":"2021-01-14T13:16:00+00:00","dateModified":"2025-10-14T10:48:27+00:00","breadcrumb":{"@id":"https:\/\/globalneprzebudzenie.pl\/?product=globalne-przebudzenie-tom-2#breadcrumb"},"inLanguage":"pl-PL","potentialAction":[{"@type":"ReadAction","target":["https:\/\/globalneprzebudzenie.pl\/?product=globalne-przebudzenie-tom-2"]}]},{"@type":"BreadcrumbList","@id":"https:\/\/globalneprzebudzenie.pl\/?product=globalne-przebudzenie-tom-2#breadcrumb","itemListElement":[{"@type":"ListItem","position":1,"name":"Strona g\u0142\u00f3wna","item":"https:\/\/globalneprzebudzenie.pl\/"},{"@type":"ListItem","position":2,"name":"Sklep","item":"https:\/\/globalneprzebudzenie.pl\/?page_id=6201"},{"@type":"ListItem","position":3,"name":"Globalne Przebudzenie. Tom 2. W Sercu Nowej Ziemi"}]}]}},"_links":{"self":[{"href":"https:\/\/globalneprzebudzenie.pl\/index.php?rest_route=\/wp\/v2\/product\/6223"}],"collection":[{"href":"https:\/\/globalneprzebudzenie.pl\/index.php?rest_route=\/wp\/v2\/product"}],"about":[{"href":"https:\/\/globalneprzebudzenie.pl\/index.php?rest_route=\/wp\/v2\/types\/product"}],"replies":[{"embeddable":true,"href":"https:\/\/globalneprzebudzenie.pl\/index.php?rest_route=%2Fwp%2Fv2%2Fcomments&post=6223"}],"wp:featuredmedia":[{"embeddable":true,"href":"https:\/\/globalneprzebudzenie.pl\/index.php?rest_route=\/wp\/v2\/media\/6224"}],"wp:attachment":[{"href":"https:\/\/globalneprzebudzenie.pl\/index.php?rest_route=%2Fwp%2Fv2%2Fmedia&parent=6223"}],"wp:term":[{"taxonomy":"product_cat","embeddable":true,"href":"https:\/\/globalneprzebudzenie.pl\/index.php?rest_route=%2Fwp%2Fv2%2Fproduct_cat&post=6223"},{"taxonomy":"product_tag","embeddable":true,"href":"https:\/\/globalneprzebudzenie.pl\/index.php?rest_route=%2Fwp%2Fv2%2Fproduct_tag&post=6223"}],"curies":[{"name":"wp","href":"https:\/\/api.w.org\/{rel}","templated":true}]}}