{"id":5986,"date":"2020-11-30T15:36:25","date_gmt":"2020-11-30T14:36:25","guid":{"rendered":"http:\/\/globalneprzebudzenie.pl\/?page_id=5986"},"modified":"2020-12-08T19:24:20","modified_gmt":"2020-12-08T18:24:20","slug":"home","status":"publish","type":"page","link":"https:\/\/globalneprzebudzenie.pl\/","title":{"rendered":""},"content":{"rendered":"            <div id=\"post-grid-lazy-5985\" class=\"post-grid-lazy\"><img alt=\"\" src=\"\" \/><\/div>\n        <script>\n            jQuery('#post-grid-lazy-5985').ready(function($) {\n                $('#post-grid-lazy-5985').fadeOut();\n                $('#post-grid-5985   ').fadeIn();\n            })\n        <\/script>\n        <style type=\"text\/css\">\n            #post-grid-5985 {\n                display: none;\n            }\n\n            .post-grid-lazy {\n                text-align: center;\n            }\n        <\/style>\n        <div data-options='{&quot;id&quot;:&quot;5985&quot;,&quot;lazy_load&quot;:&quot;yes&quot;,&quot;masonry_enable&quot;:&quot;no&quot;,&quot;view_type&quot;:&quot;grid&quot;}' id=\"post-grid-5985\" class=\"post-grid grid\">\n                <div class=\"grid-items\">\n            <div class=\"item item-7347 skin flat even 0 \">\n                <div class=\"layer-wrapper layout-\">\n                <div class=\"layer-media\"><a href=\"https:\/\/globalneprzebudzenie.pl\/?p=7347\"><img alt=\"\" src=\"https:\/\/globalneprzebudzenie.pl\/wp-content\/uploads\/2021\/06\/min13-300x300.jpg\" \/><\/a><\/div>\n    <div class=\"layer-content\">\n            <div class=\"element element_0  title_link \">\n                    <a target=\"\" href=\"https:\/\/globalneprzebudzenie.pl\/?p=7347\">Wsp\u00f3\u0142wibruj i pod\u0105\u017caj za w\u0142asn\u0105 istot\u0105 \u015bwietlist\u0105. Rozdzia\u0142 ksi\u0105\u017cki &#8222;Globalne Przebudzenie. Tom 1&#8221;<\/a>\n            <\/div>\n    <div class=\"element element_1606771425523  post_date \">\n                    18-06-2021        \n    <\/div>\n    <\/div>\n        <\/div>\n    <\/div><div class=\"item item-7344 skin flat odd 1 \">\n                <div class=\"layer-wrapper layout-\">\n                <div class=\"layer-media\"><a href=\"https:\/\/globalneprzebudzenie.pl\/?p=7344\"><img alt=\"\" src=\"https:\/\/globalneprzebudzenie.pl\/wp-content\/uploads\/2021\/06\/min12-300x300.jpg\" \/><\/a><\/div>\n    <div class=\"layer-content\">\n            <div class=\"element element_0  title_link \">\n                    <a target=\"\" href=\"https:\/\/globalneprzebudzenie.pl\/?p=7344\">Avebury. Miejsce mocy. Zwiastun<\/a>\n            <\/div>\n    <div class=\"element element_1606771425523  post_date \">\n                    18-06-2021        \n    <\/div>\n    <\/div>\n        <\/div>\n    <\/div><div class=\"item item-7341 skin flat even 2 \">\n                <div class=\"layer-wrapper layout-\">\n                <div class=\"layer-media\"><a href=\"https:\/\/globalneprzebudzenie.pl\/?p=7341\"><img alt=\"\" src=\"https:\/\/globalneprzebudzenie.pl\/wp-content\/uploads\/2021\/06\/min11-300x300.jpg\" \/><\/a><\/div>\n    <div class=\"layer-content\">\n            <div class=\"element element_0  title_link \">\n                    <a target=\"\" href=\"https:\/\/globalneprzebudzenie.pl\/?p=7341\">#4 Podr\u00f3\u017c do Nowej Ziemi. Piotr Esteros Pytlowany. Pozytywna linia czasowa rasy ludzkiej<\/a>\n            <\/div>\n    <div class=\"element element_1606771425523  post_date \">\n                    18-06-2021        \n    <\/div>\n    <\/div>\n        <\/div>\n    <\/div><div class=\"item item-7338 skin flat odd 3 \">\n                <div class=\"layer-wrapper layout-\">\n                <div class=\"layer-media\"><a href=\"https:\/\/globalneprzebudzenie.pl\/?p=7338\"><img alt=\"\" src=\"https:\/\/globalneprzebudzenie.pl\/wp-content\/uploads\/2021\/06\/min10-300x300.jpg\" \/><\/a><\/div>\n    <div class=\"layer-content\">\n            <div class=\"element element_0  title_link \">\n                    <a target=\"\" href=\"https:\/\/globalneprzebudzenie.pl\/?p=7338\">VLOG z Peak District 2.0<\/a>\n            <\/div>\n    <div class=\"element element_1606771425523  post_date \">\n                    18-06-2021        \n    <\/div>\n    <\/div>\n        <\/div>\n    <\/div><div class=\"item item-7335 skin flat even 4 \">\n                <div class=\"layer-wrapper layout-\">\n                <div class=\"layer-media\"><a href=\"https:\/\/globalneprzebudzenie.pl\/?p=7335\"><img alt=\"\" src=\"https:\/\/globalneprzebudzenie.pl\/wp-content\/uploads\/2021\/06\/min9-300x300.jpg\" \/><\/a><\/div>\n    <div class=\"layer-content\">\n            <div class=\"element element_0  title_link \">\n                    <a target=\"\" href=\"https:\/\/globalneprzebudzenie.pl\/?p=7335\">Sekrety prawa przyci\u0105gania. Rozmowa z Beat\u0105 Osinski<\/a>\n            <\/div>\n    <div class=\"element element_1606771425523  post_date \">\n                    18-06-2021        \n    <\/div>\n    <\/div>\n        <\/div>\n    <\/div><div class=\"item item-7332 skin flat odd 5 \">\n                <div class=\"layer-wrapper layout-\">\n                <div class=\"layer-media\"><a href=\"https:\/\/globalneprzebudzenie.pl\/?p=7332\"><img alt=\"\" src=\"https:\/\/globalneprzebudzenie.pl\/wp-content\/uploads\/2021\/06\/min8-300x300.jpg\" \/><\/a><\/div>\n    <div class=\"layer-content\">\n            <div class=\"element element_0  title_link \">\n                    <a target=\"\" href=\"https:\/\/globalneprzebudzenie.pl\/?p=7332\">Troch\u0119 o wiedzy pochodz\u0105cej z w\u0142asnego wn\u0119trza, komunikacji z wy\u017csz\u0105 ja\u017ani\u0105 w trakcie medytacji<\/a>\n            <\/div>\n    <div class=\"element element_1606771425523  post_date \">\n                    18-06-2021        \n    <\/div>\n    <\/div>\n        <\/div>\n    <\/div><div class=\"item item-7329 skin flat even 6 \">\n                <div class=\"layer-wrapper layout-\">\n                <div class=\"layer-media\"><a href=\"https:\/\/globalneprzebudzenie.pl\/?p=7329\"><img alt=\"\" src=\"https:\/\/globalneprzebudzenie.pl\/wp-content\/uploads\/2021\/06\/min7-300x300.jpg\" \/><\/a><\/div>\n    <div class=\"layer-content\">\n            <div class=\"element element_0  title_link \">\n                    <a target=\"\" href=\"https:\/\/globalneprzebudzenie.pl\/?p=7329\">#3 Podr\u00f3\u017c do Nowej Ziemi: Bartek Indygo. Mity i iluzje starego paradygmatu duchowego<\/a>\n            <\/div>\n    <div class=\"element element_1606771425523  post_date \">\n                    18-06-2021        \n    <\/div>\n    <\/div>\n        <\/div>\n    <\/div><div class=\"item item-7326 skin flat odd 7 \">\n                <div class=\"layer-wrapper layout-\">\n                <div class=\"layer-media\"><a href=\"https:\/\/globalneprzebudzenie.pl\/?p=7326\"><img alt=\"\" src=\"https:\/\/globalneprzebudzenie.pl\/wp-content\/uploads\/2021\/06\/min6-300x300.jpg\" \/><\/a><\/div>\n    <div class=\"layer-content\">\n            <div class=\"element element_0  title_link \">\n                    <a target=\"\" href=\"https:\/\/globalneprzebudzenie.pl\/?p=7326\">Pytania i odpowiedzi. Rozmowa z Beat\u0105 Osinski<\/a>\n            <\/div>\n    <div class=\"element element_1606771425523  post_date \">\n                    18-06-2021        \n    <\/div>\n    <\/div>\n        <\/div>\n    <\/div><div class=\"item item-7323 skin flat even 8 \">\n                <div class=\"layer-wrapper layout-\">\n                <div class=\"layer-media\"><a href=\"https:\/\/globalneprzebudzenie.pl\/?p=7323\"><img alt=\"\" src=\"https:\/\/globalneprzebudzenie.pl\/wp-content\/uploads\/2021\/06\/min5-300x300.jpg\" \/><\/a><\/div>\n    <div class=\"layer-content\">\n            <div class=\"element element_0  title_link \">\n                    <a target=\"\" href=\"https:\/\/globalneprzebudzenie.pl\/?p=7323\">Rozw\u00f3j \u015bwiadomo\u015bci bram\u0105 do nowego \u015bwiata. Rozmowa z Igorem Witkowskim<\/a>\n            <\/div>\n    <div class=\"element element_1606771425523  post_date \">\n                    18-06-2021        \n    <\/div>\n    <\/div>\n        <\/div>\n    <\/div><div class=\"item item-7320 skin flat odd 9 \">\n                <div class=\"layer-wrapper layout-\">\n                <div class=\"layer-media\"><a href=\"https:\/\/globalneprzebudzenie.pl\/?p=7320\"><img alt=\"\" src=\"https:\/\/globalneprzebudzenie.pl\/wp-content\/uploads\/2021\/06\/min4-300x300.jpg\" \/><\/a><\/div>\n    <div class=\"layer-content\">\n            <div class=\"element element_0  title_link \">\n                    <a target=\"\" href=\"https:\/\/globalneprzebudzenie.pl\/?p=7320\">Obfito\u015b\u0107 jest ju\u017c w nas. Rozmowa z Beat\u0105 Osinski<\/a>\n            <\/div>\n    <div class=\"element element_1606771425523  post_date \">\n                    18-06-2021        \n    <\/div>\n    <\/div>\n        <\/div>\n    <\/div><div class=\"item item-7317 skin flat even 10 \">\n                <div class=\"layer-wrapper layout-\">\n                <div class=\"layer-media\"><a href=\"https:\/\/globalneprzebudzenie.pl\/?p=7317\"><img alt=\"\" src=\"https:\/\/globalneprzebudzenie.pl\/wp-content\/uploads\/2021\/06\/min3-300x300.jpg\" \/><\/a><\/div>\n    <div class=\"layer-content\">\n            <div class=\"element element_0  title_link \">\n                    <a target=\"\" href=\"https:\/\/globalneprzebudzenie.pl\/?p=7317\">Czego pragnie nasza dusza? Rozmowa z Sylwi\u0105 Sadowsk\u0105<\/a>\n            <\/div>\n    <div class=\"element element_1606771425523  post_date \">\n                    17-06-2021        \n    <\/div>\n    <\/div>\n        <\/div>\n    <\/div><div class=\"item item-7314 skin flat odd 11 \">\n                <div class=\"layer-wrapper layout-\">\n                <div class=\"layer-media\"><a href=\"https:\/\/globalneprzebudzenie.pl\/?p=7314\"><img alt=\"\" src=\"https:\/\/globalneprzebudzenie.pl\/wp-content\/uploads\/2021\/06\/min2-300x300.jpg\" \/><\/a><\/div>\n    <div class=\"layer-content\">\n            <div class=\"element element_0  title_link \">\n                    <a target=\"\" href=\"https:\/\/globalneprzebudzenie.pl\/?p=7314\">O przebudzeniu \u015bwiadomo\u015bci. Instagram live z Magd\u0105 (profil: zgodnie_ze_soba)<\/a>\n            <\/div>\n    <div class=\"element element_1606771425523  post_date \">\n                    17-06-2021        \n    <\/div>\n    <\/div>\n        <\/div>\n    <\/div>        <\/div>\n        <div class=\"pagination\">\n            <div class=\"paginate\">\n        <span aria-current=\"page\" class=\"page-numbers current\">1<\/span>\n<a class=\"page-numbers\" href=\"https:\/\/globalneprzebudzenie.pl\/index.php?rest_route=%2Fwp%2Fv2%2Fpages%2F5986&#038;paged=2\">2<\/a>\n<a class=\"page-numbers\" href=\"https:\/\/globalneprzebudzenie.pl\/index.php?rest_route=%2Fwp%2Fv2%2Fpages%2F5986&#038;paged=3\">3<\/a>\n<span class=\"page-numbers dots\">&hellip;<\/span>\n<a class=\"page-numbers\" href=\"https:\/\/globalneprzebudzenie.pl\/index.php?rest_route=%2Fwp%2Fv2%2Fpages%2F5986&#038;paged=37\">37<\/a>\n<a class=\"next page-numbers\" href=\"https:\/\/globalneprzebudzenie.pl\/index.php?rest_route=%2Fwp%2Fv2%2Fpages%2F5986&#038;paged=2\">Next \u00bb<\/a>    <\/div>\n    <style type=\"text\/css\">\n        #post-grid-5985 .pagination .page-numbers {\n            font-size: 12px;\n            color: #fff;\n            background: #646464;\n        }\n\n        #post-grid-5985 .pagination .page-numbers:hover,\n        #post-grid-5985 .pagination .page-numbers.current {\n            background: #4b4b4b;\n        }\n    <\/style>\n    <\/div>\n    <style type=\"text\/css\">\n        #post-grid-5985 .element_0 {\n            display: block;font-size: 21px;line-height: normal;padding: 5px 10px;text-align: center;text-decoration: none;        }\n\n        #post-grid-5985 .element_1606771425523 {\n            display: block;font-size: 13px;line-height: normal;padding: 5px 10px;text-align: center;        }\n\n        #post-grid-5985 .element_0:hover{}#post-grid-5985 .element_1606771425523:hover{}    <\/style>\n    \n\n        <script>\n        \n            <\/script>\n        <style type=\"text\/css\">\n        #post-grid-5985 {\n            padding: 10px;\n                    }\n\n        #post-grid-5985 .item {\n            \/*             margin:;\n         *\/\n            padding: 0px;\n            background: #fff;\n                    }\n\n        #post-grid-5985 .item .layer-media {\n            height:auto;        }\n\n        @media only screen and (min-width: 0px) and (max-width: 767px) {\n            #post-grid-5985 .grid-items {\n                text-align: center;\n                ;\n\n            }\n\n            #post-grid-5985 .item {\n                width: 90%;\n                margin: 10px;\n                display: inline-block;\n                vertical-align: top;\n\n                height:auto;            }\n        }\n\n        @media only screen and (min-width: 768px) and (max-width: 1023px) {\n            #post-grid-5985 .grid-items {\n                 text-align: center;\n                            }\n\n            #post-grid-5985 .item {\n                width: 280px;\n                margin: 10px;\n                display: inline-block;\n                vertical-align: top;\n                max-height:auto;            }\n        }\n\n        @media only screen and (min-width: 1024px) {\n            #post-grid-5985 .grid-items {\n                text-align: center;\n                            }\n\n            #post-grid-5985 .item {\n                width: 280px;\n                display: inline-block;\n                margin: 10px;\n                vertical-align: top;\n                height:auto;            }\n        }\n\n            <\/style>\n    <\/div>\n\n\r\n\r\n\r\n<p>&nbsp;<\/p>\r\n","protected":false},"excerpt":{"rendered":"<p> &hellip;<\/p>\n","protected":false},"author":1,"featured_media":0,"parent":0,"menu_order":0,"comment_status":"closed","ping_status":"closed","template":"","meta":[],"yoast_head":"<!-- This site is optimized with the Yoast SEO plugin v17.7.1 - https:\/\/yoast.com\/wordpress\/plugins\/seo\/ -->\n<title>- GLOBALNE PRZEBUDZENIE<\/title>\n<meta name=\"robots\" content=\"index, follow, max-snippet:-1, max-image-preview:large, max-video-preview:-1\" \/>\n<link rel=\"canonical\" href=\"https:\/\/globalneprzebudzenie.pl\/\" \/>\n<meta property=\"og:locale\" content=\"pl_PL\" \/>\n<meta property=\"og:type\" content=\"article\" \/>\n<meta property=\"og:title\" content=\"- GLOBALNE PRZEBUDZENIE\" \/>\n<meta property=\"og:description\" content=\"&hellip;\" \/>\n<meta property=\"og:url\" content=\"https:\/\/globalneprzebudzenie.pl\/\" \/>\n<meta property=\"og:site_name\" content=\"GLOBALNE PRZEBUDZENIE\" \/>\n<meta property=\"article:publisher\" content=\"https:\/\/www.facebook.com\/Teeeest-103108958500558\" \/>\n<meta property=\"article:modified_time\" content=\"2020-12-08T18:24:20+00:00\" \/>\n<meta name=\"twitter:card\" content=\"summary_large_image\" \/>\n<script type=\"application\/ld+json\" class=\"yoast-schema-graph\">{\"@context\":\"https:\/\/schema.org\",\"@graph\":[{\"@type\":\"WebSite\",\"@id\":\"https:\/\/globalneprzebudzenie.pl\/#website\",\"url\":\"https:\/\/globalneprzebudzenie.pl\/\",\"name\":\"GLOBALNE PRZEBUDZENIE\",\"description\":\"W Sercu Nowej Ziemi\",\"potentialAction\":[{\"@type\":\"SearchAction\",\"target\":{\"@type\":\"EntryPoint\",\"urlTemplate\":\"https:\/\/globalneprzebudzenie.pl\/?s={search_term_string}\"},\"query-input\":\"required name=search_term_string\"}],\"inLanguage\":\"pl-PL\"},{\"@type\":\"WebPage\",\"@id\":\"https:\/\/globalneprzebudzenie.pl\/#webpage\",\"url\":\"https:\/\/globalneprzebudzenie.pl\/\",\"name\":\"- GLOBALNE PRZEBUDZENIE\",\"isPartOf\":{\"@id\":\"https:\/\/globalneprzebudzenie.pl\/#website\"},\"datePublished\":\"2020-11-30T14:36:25+00:00\",\"dateModified\":\"2020-12-08T18:24:20+00:00\",\"breadcrumb\":{\"@id\":\"https:\/\/globalneprzebudzenie.pl\/#breadcrumb\"},\"inLanguage\":\"pl-PL\",\"potentialAction\":[{\"@type\":\"ReadAction\",\"target\":[\"https:\/\/globalneprzebudzenie.pl\/\"]}]},{\"@type\":\"BreadcrumbList\",\"@id\":\"https:\/\/globalneprzebudzenie.pl\/#breadcrumb\",\"itemListElement\":[{\"@type\":\"ListItem\",\"position\":1,\"name\":\"Strona g\\u0142\\u00f3wna\",\"item\":\"https:\/\/globalneprzebudzenie.pl\/\"},{\"@type\":\"ListItem\",\"position\":2,\"name\":\"\"}]}]}<\/script>\n<!-- \/ Yoast SEO plugin. -->","yoast_head_json":{"title":"- GLOBALNE PRZEBUDZENIE","robots":{"index":"index","follow":"follow","max-snippet":"max-snippet:-1","max-image-preview":"max-image-preview:large","max-video-preview":"max-video-preview:-1"},"canonical":"https:\/\/globalneprzebudzenie.pl\/","og_locale":"pl_PL","og_type":"article","og_title":"- GLOBALNE PRZEBUDZENIE","og_description":"&hellip;","og_url":"https:\/\/globalneprzebudzenie.pl\/","og_site_name":"GLOBALNE PRZEBUDZENIE","article_publisher":"https:\/\/www.facebook.com\/Teeeest-103108958500558","article_modified_time":"2020-12-08T18:24:20+00:00","twitter_card":"summary_large_image","schema":{"@context":"https:\/\/schema.org","@graph":[{"@type":"WebSite","@id":"https:\/\/globalneprzebudzenie.pl\/#website","url":"https:\/\/globalneprzebudzenie.pl\/","name":"GLOBALNE PRZEBUDZENIE","description":"W Sercu Nowej Ziemi","potentialAction":[{"@type":"SearchAction","target":{"@type":"EntryPoint","urlTemplate":"https:\/\/globalneprzebudzenie.pl\/?s={search_term_string}"},"query-input":"required name=search_term_string"}],"inLanguage":"pl-PL"},{"@type":"WebPage","@id":"https:\/\/globalneprzebudzenie.pl\/#webpage","url":"https:\/\/globalneprzebudzenie.pl\/","name":"- GLOBALNE PRZEBUDZENIE","isPartOf":{"@id":"https:\/\/globalneprzebudzenie.pl\/#website"},"datePublished":"2020-11-30T14:36:25+00:00","dateModified":"2020-12-08T18:24:20+00:00","breadcrumb":{"@id":"https:\/\/globalneprzebudzenie.pl\/#breadcrumb"},"inLanguage":"pl-PL","potentialAction":[{"@type":"ReadAction","target":["https:\/\/globalneprzebudzenie.pl\/"]}]},{"@type":"BreadcrumbList","@id":"https:\/\/globalneprzebudzenie.pl\/#breadcrumb","itemListElement":[{"@type":"ListItem","position":1,"name":"Strona g\u0142\u00f3wna","item":"https:\/\/globalneprzebudzenie.pl\/"},{"@type":"ListItem","position":2,"name":""}]}]}},"_links":{"self":[{"href":"https:\/\/globalneprzebudzenie.pl\/index.php?rest_route=\/wp\/v2\/pages\/5986"}],"collection":[{"href":"https:\/\/globalneprzebudzenie.pl\/index.php?rest_route=\/wp\/v2\/pages"}],"about":[{"href":"https:\/\/globalneprzebudzenie.pl\/index.php?rest_route=\/wp\/v2\/types\/page"}],"author":[{"embeddable":true,"href":"https:\/\/globalneprzebudzenie.pl\/index.php?rest_route=\/wp\/v2\/users\/1"}],"replies":[{"embeddable":true,"href":"https:\/\/globalneprzebudzenie.pl\/index.php?rest_route=%2Fwp%2Fv2%2Fcomments&post=5986"}],"version-history":[{"count":7,"href":"https:\/\/globalneprzebudzenie.pl\/index.php?rest_route=\/wp\/v2\/pages\/5986\/revisions"}],"predecessor-version":[{"id":6143,"href":"https:\/\/globalneprzebudzenie.pl\/index.php?rest_route=\/wp\/v2\/pages\/5986\/revisions\/6143"}],"wp:attachment":[{"href":"https:\/\/globalneprzebudzenie.pl\/index.php?rest_route=%2Fwp%2Fv2%2Fmedia&parent=5986"}],"curies":[{"name":"wp","href":"https:\/\/api.w.org\/{rel}","templated":true}]}}